 - 186774. What are the prime factors of k?
82531
Suppose -2*z + 13781 = -7963 + 2866. What are the prime factors of z?
9439
Let j = -1409 - -267. Let n = -377 - j. List the prime factors of n.
3, 5, 17
Let a(r) = -26*r + 260. Let j be a(10). Suppose -2*g + 216 + 128 = j. List the prime factors of g.
2, 43
Let s = 6068 + -258. List the prime factors of s.
2, 5, 7, 83
Let k be 402/(-3)*5/(-10)*3. Suppose a - 2*c = 664, 0 = a - 4*c - 869 + k. List the prime factors of a.
2, 3, 5, 11
Suppose a + 20 = 23. Suppose -a*z + 4 = -17. Suppose z*k = -2*k + 135. What are the prime factors of k?
3, 5
Suppose -17*x + 19*x = 0. Suppose -2*p - 5*n = -15, 2*n + x = 4*p + 6. Suppose p = 5*s - 5*k - 480, -2*s - 8*k = -4*k - 180. What are the prime factors of s?
2, 47
Let g = -912 + 541. Let m = 442 + g. List the prime factors of m.
71
Suppose 2*x - 18 = 4*g, 16*x + 3 = 19*x. What are the prime factors of (93/12)/(g + 81/20)?
5, 31
Let u(c) = -7*c - 10*c - 36 + 2*c**2 + 25*c - 5*c. Let p be u(-7). What are the prime factors of (4 - 9)/(-1)*p?
5, 41
Suppose -7*p = -22*p - 870. What are the prime factors of p + 51 - (-698 + 0)?
691
Let t be (-16)/10*-3*(-105)/(-18). Suppose -t*g + 18*g = -5820. List the prime factors of g.
2, 3, 97
Suppose 0*q - 3*q = -9, -5*y = 3*q - 24. Suppose 55 = -u - 5*d, y*u - 3*d + 54 + 75 = 0. Let l = 39 - u. List the prime factors of l.
2, 3, 7
Let l(x) = 739*x**2 - 132*x - 797. List the prime factors of l(-6).
67, 397
Suppose 104*g = 27*g + 226842. What are the prime factors of g?
2, 3, 491
Suppose -3*b = -12566 - 5722. Suppose 11*a + b = 19*a. What are the prime factors of a?
2, 3, 127
Suppose 0*n = n - 2, -382 = -5*v - n. Let u(x) = 13*x + 16. Let t be u(3). Let m = v - t. List the prime factors of m.
3, 7
Suppose 0 = 4*n + 2*b - 103196, -348*b = -353*b + 30. List the prime factors of n.
2, 6449
Suppose 0 = 12*o + 2042 - 4994. Let w = -232 + o. What are the prime factors of w?
2, 7
Let p(h) = -h**2 - 7*h - 2. Let r be p(-3). Let o = r + -10. Suppose v - 28 - 39 = o. List the prime factors of v.
67
Suppose 915*m + 16948096 = 56623411. List the prime factors of m.
131, 331
Let r(u) = u**3 + 7*u**2 - 7*u - 7. Let m be r(-5). List the prime factors of (6 + m/(-5))/(5/(-50)).
2, 3
Let y be ((-25)/(-10))/((-5)/(-10)). Suppose -531 = -y*a - 4*t, -2*t + 7*t - 329 = -3*a. Let p = a + -20. What are the prime factors of p?
83
Let l(h) = 10*h**2 - 33*h + 4333. What are the prime factors of l(71)?
2, 5, 131
Suppose -4*f + 318 = g, f - 246 = -2*f + 3*g. Let u be (-49)/(-1) + 101 + -100. Let m = f - u. List the prime factors of m.
2, 3, 5
Let w = -2274 - -23318. What are the prime factors of w?
2, 5261
Suppose u + 5168 = 2*q + 1544, 2*q = -2*u + 3618. List the prime factors of q.
1811
Suppose 5*j = 2*d + 20, 3*j + 4*d + 26 = 6*j. Suppose 3*k - j*k + 35 = s, -5*s - 5*k = -125. Suppose 0 = -3*x + 81 + s. List the prime factors of x.
37
Let l be (-24)/18 - (-3)/9. List the prime factors of (36/48)/l - 2195/(-4).
2, 137
Let l be (6 + 32/(-8))*-14036. List the prime factors of l/(-16) + (-9)/(-6).
2, 439
Suppose 3*t - 3*j - 11 = 1555, 2601 = 5*t - 2*j. Suppose 0 = -2*n - 4, -5*z = -n - t - 338. List the prime factors of z.
3, 19
List the prime factors of (16/(-24))/((-15)/((-7814925)/(-10))).
47, 739
Suppose 20*b = -13*b + 241144 + 47903. List the prime factors of b.
19, 461
Suppose -2 = -b + 1. Suppose 0 = 5*m - 20, m = b*q - m - 451. What are the prime factors of q?
3, 17
Let l(s) = s**2 + 37*s + 213. Let m be l(-30). Suppose 3*i - 10 = 8*i. What are the prime factors of i/(-2 + m/(-174) + 2)?
2, 29
Let m(r) = 11*r**3 - 3*r**2 + 13*r - 11. Let k be m(-10). Let v = -17065 - k. List the prime factors of v/(-133) + (-2)/7.
2, 3, 7
Let x be -10*(-3)/5 - -2256. Let u = x + -1213. List the prime factors of u.
1049
Suppose 0 = 5*d + 5*m - 265, 3*m = 5*d + 46 - 335. Let l = d + -52. Suppose 0 = l*q + 26 - 122. What are the prime factors of q?
2, 3
What are the prime factors of (-243222)/(-120) + 21/(-35) - (-15)/(-12)?
3, 5
Let h(t) = 31*t**3 - 27*t**2 + 15*t - 22. Let v be h(10). Suppose -29*p + 6*p + v = 0. List the prime factors of p.
2, 3, 103
Suppose -4*v - 4*o = -88, -3*o = -5*v + 2*o + 130. Suppose 13*x = 9*x + v. What are the prime factors of ((-12)/(-9))/(x/297)?
2, 3, 11
Let m = 34621 - 23240. List the prime factors of m.
19, 599
Let z = 31 + -89. Let d(f) = -4*f + 16. Let p be d(11). Let g = p - z. What are the prime factors of g?
2, 3, 5
What are the prime factors of (-7 + 177)*210/24*200/28?
5, 17
Let k(h) = 42*h**2 + 12*h - 197. What are the prime factors of k(34)?
11, 13, 31
Let q be -2 + 4 + (-16)/8. Suppose q = -3*t - r + 2482, 2*r - 4 = -2. What are the prime factors of t?
827
Let s be -185 - (-5 + 2 + 7). List the prime factors of (-3292)/(-14) - 162/s.
2, 59
Let v(z) = 7*z**2 - 517*z - 161. What are the prime factors of v(82)?
4513
Let g = -5814 - -22428. List the prime factors of g.
2, 3, 13, 71
Let x(j) = 33*j + 2. Let t(a) = a + 15. Let b be 2/(24/13 - (-2)/(-1)). Let z be t(b). What are the prime factors of x(z)?
2, 17
Let c be -276*894/36*-70. List the prime factors of (c/(-24))/(-23) + 2/(-12).
11, 79
Suppose 0*a + 0*a + 2*a = 0. Let v be 14 + -6 + a + -1 + -2. Let r(d) = 12*d + 3. List the prime factors of r(v).
3, 7
Let q(x) = -x**3 - 5*x**2 - 8*x. Let h be q(-5). Suppose 3*y + h = 8*y. Suppose 13*g - 220 = y*g. What are the prime factors of g?
2, 11
Let n = 13232 + -5737. What are the prime factors of n?
5, 1499
Let k(x) = 391*x + 372. What are the prime factors of k(3)?
3, 5, 103
Suppose -x - 9 = -4*s + 2*x, 0 = 2*s + 3*x + 9. Suppose 0*r - 9*r + 2475 = s. What are the prime factors of r?
5, 11
Let u(h) = -2*h + 14. Let w be u(8). Let g be 48/(-30)*(2/(-4) + w). Suppose -2*a + g*a = 26. What are the prime factors of a?
13
Let j(k) = 7*k**2 - 49*k - 12. Let s be j(11). Suppose s = n + 69. What are the prime factors of n?
227
Let w = -125 - -125. Suppose 12*d + 2*k - 208 = 8*d, w = 3*d - 2*k - 170. Suppose 0 = -2*i + i + d. What are the prime factors of i?
2, 3
Suppose h + 5 = 4, -4*z + 3*h = -891. Let a = z - 55. List the prime factors of a.
167
Let y = 42428 + -22266. List the prime factors of y.
2, 17, 593
What are the prime factors of 3 - ((-14738)/(-6))/((-34)/204)?
14741
Let p(n) = -230*n - 624. List the prime factors of p(-34).
2, 7, 257
Suppose -4*o - 5*b = -2*o - 1538, 5*o + 2*b - 3866 = 0. Let f = o + -1134. What are the prime factors of (f/(-27))/(32/(-18) - -2)?
2, 3, 5
What are the prime factors of 4/78 + (-12591560)/(-2652)?
2, 1187
Let c = 13000 - 7209. List the prime factors of c.
5791
Suppose -5*t + 18008 = -2*n - 48440, -t + 5*n = -13262. What are the prime factors of t?
2, 3323
Let p = 11736 + 5039. What are the prime factors of p?
5, 11, 61
Let h = -34733 - -82028. What are the prime factors of h?
3, 5, 1051
Suppose 1685 = -3*t - 2*t. Let n = t - -562. Suppose 3*d + n = 8*d. List the prime factors of d.
3, 5
Suppose 0 = -6*t - 5386 + 520. Let r = 1297 + t. What are the prime factors of r?
2, 3
Let v(p) = -107*p - 7. Let i(r) = -321*r - 17. Let c(t) = 4*i(t) - 11*v(t). What are the prime factors of c(-4)?
19, 23
Let j(h) = -h**2 - 7*h + 32. Let m be j(-10). Suppose n = -3*k + m*k - 213, -k - 229 = -3*n. Let i = -73 - k. What are the prime factors of i?
2, 3
Let o be 13948/16 + 12 - (-2)/8. Suppose -3*i = -3*h - 700 + 64, 4*i = -5*h + o. What are the prime factors of i?
2, 3
Let i = 4407 - -7201. Suppose -18*r + 2144 + i = 0. List the prime factors of r.
2, 191
Suppose 3346 = 4*r - 358. What are the prime factors of r?
2, 463
Let l = 3831 - 1191. What are the prime factors of l?
2, 3, 5, 11
Let x(g) = -g**3 - 6*g**2 - 5*g + 669. Let s be x(0). Suppose 2*n + 195 = -2*b + s, -4*n + 2*b + 918 = 0. List the prime factors of n.
2, 29
Let p = -2997 - -10608. List the prime factors of p.
3, 43, 59
List the prime factors of (7 - 4846)/(37/(-22) - 24/(-132)).
2, 1613
Let l(n) = -38*n**3 + 2*n**2 - 1. Let d be l(-1). Suppose 0 = -42*f + d*f + 12. List the prime factors of (f - 3)/((-1)/(-80)).
2, 5
Suppose -3*j - 10 + 4 = 0, -3*r + 3*j = 1551. Let l = -115 - r. List the prime factors of l.
2, 101
Let z be (15 - -699) + (-1 - (1 - 1)). Let f = -493 + z. Let r = f + -127. List the prime factors of r.
3, 31
Let n(z) be the 